{"id":21,"date":"2018-12-28T23:36:36","date_gmt":"2018-12-28T23:36:36","guid":{"rendered":"http:\/\/imanitygroup.com\/firenze\/?page_id=21"},"modified":"2019-08-29T16:07:45","modified_gmt":"2019-08-29T16:07:45","slug":"horario-extendido","status":"publish","type":"page","link":"http:\/\/imanitygroup.com\/firenze\/horario-extendido\/","title":{"rendered":"Horario Extendido"},"content":{"rendered":"<h5 class=\"font-weight-300 text-medium-24 margin-bottom-35 text-align-justify\">Ofrecemos diferentes actividades para llevarse a cabo en horario extendido como una opci\u00f3n en beneficio de las familias en las que el padre y la madre trabajan.<\/h5>\n<p class=\"font-weight-300 text-medium-24 text-align-justify\">De esta forma los alumnos estar\u00e1n dando continuidad a su formaci\u00f3n en COLEGIO FIRENZE.<\/p>\n","protected":false},"excerpt":{"rendered":"<p>Ofrecemos diferentes actividades para llevarse a cabo en horario extendido como una opci\u00f3n en beneficio de las familias en las que el padre y la madre trabajan. De esta forma los alumnos estar\u00e1n dando continuidad a su formaci\u00f3n en COLEGIO FIRENZE.<\/p>\n","protected":false},"author":1,"featured_media":65,"parent":0,"menu_order":0,"comment_status":"closed","ping_status":"closed","template":"","meta":[],"categories":[2],"tags":[],"_links":{"self":[{"href":"http:\/\/imanitygroup.com\/firenze\/wp-json\/wp\/v2\/pages\/21"}],"collection":[{"href":"http:\/\/imanitygroup.com\/firenze\/wp-json\/wp\/v2\/pages"}],"about":[{"href":"http:\/\/imanitygroup.com\/firenze\/wp-json\/wp\/v2\/types\/page"}],"author":[{"embeddable":true,"href":"http:\/\/imanitygroup.com\/firenze\/wp-json\/wp\/v2\/users\/1"}],"replies":[{"embeddable":true,"href":"http:\/\/imanitygroup.com\/firenze\/wp-json\/wp\/v2\/comments?post=21"}],"version-history":[{"count":3,"href":"http:\/\/imanitygroup.com\/firenze\/wp-json\/wp\/v2\/pages\/21\/revisions"}],"predecessor-version":[{"id":77,"href":"http:\/\/imanitygroup.com\/firenze\/wp-json\/wp\/v2\/pages\/21\/revisions\/77"}],"wp:featuredmedia":[{"embeddable":true,"href":"http:\/\/imanitygroup.com\/firenze\/wp-json\/wp\/v2\/media\/65"}],"wp:attachment":[{"href":"http:\/\/imanitygroup.com\/firenze\/wp-json\/wp\/v2\/media?parent=21"}],"wp:term":[{"taxonomy":"category","embeddable":true,"href":"http:\/\/imanitygroup.com\/firenze\/wp-json\/wp\/v2\/categories?post=21"},{"taxonomy":"post_tag","embeddable":true,"href":"http:\/\/imanitygroup.com\/firenze\/wp-json\/wp\/v2\/tags?post=21"}],"curies":[{"name":"wp","href":"https:\/\/api.w.org\/{rel}","templated":true}]}}